{"id":3575,"date":"2024-12-05T07:43:16","date_gmt":"2024-12-05T06:43:16","guid":{"rendered":"https:\/\/asismarka.com\/exxis\/?page_id=3575"},"modified":"2025-12-11T00:06:29","modified_gmt":"2025-12-10T23:06:29","slug":"software-erp-rendicion-gastos","status":"publish","type":"page","link":"https:\/\/aws-server.site\/exxis\/soluciones\/software-erp-rendicion-gastos\/","title":{"rendered":"Ext ERP Rendici\u00f3n de gastos"},"content":{"rendered":"\t\t<div data-elementor-type=\"wp-page\" data-elementor-id=\"3575\" class=\"elementor elementor-3575\" data-elementor-post-type=\"page\">\n\t\t\t\t<div data-particle_enable=\"false\" data-particle-mobile-disabled=\"false\" class=\"elementor-element elementor-element-1d75e1b e-flex e-con-boxed e-con e-parent\" data-id=\"1d75e1b\" data-element_type=\"container\" data-e-type=\"container\">\n\t\t\t\t\t<div class=\"e-con-inner\">\n\t\t<div data-particle_enable=\"false\" data-particle-mobile-disabled=\"false\" class=\"elementor-element elementor-element-9a41fed e-con-full e-flex e-con e-child\" data-id=\"9a41fed\" data-element_type=\"container\" data-e-type=\"container\">\n\t\t<div data-particle_enable=\"false\" data-particle-mobile-disabled=\"false\" class=\"elementor-element elementor-element-843bcfd e-con-full e-flex e-con e-child\" data-id=\"843bcfd\" data-element_type=\"container\" data-e-type=\"container\" data-settings=\"{&quot;background_background&quot;:&quot;classic&quot;}\">\n\t\t\t\t<div class=\"elementor-element elementor-element-1f2b580 elementor-widget elementor-widget-text-editor\" data-id=\"1f2b580\" data-element_type=\"widget\" data-e-type=\"widget\" data-widget_type=\"text-editor.default\">\n\t\t\t\t<div class=\"elementor-widget-container\">\n\t\t\t\t\t\t\t\t\t<h1 style=\"text-align: center;\"><strong><span style=\"color: #ffffff;\">Software ERP Rendici\u00f3n de gastos<\/span><\/strong><\/h1>\t\t\t\t\t\t\t\t<\/div>\n\t\t\t\t<\/div>\n\t\t\t\t<div class=\"elementor-element elementor-element-eb497ce e-transform elementor-widget-divider--view-line elementor-widget elementor-widget-divider\" data-id=\"eb497ce\" data-element_type=\"widget\" data-e-type=\"widget\" data-settings=\"{&quot;_transform_rotateZ_effect&quot;:{&quot;unit&quot;:&quot;px&quot;,&quot;size&quot;:-90,&quot;sizes&quot;:[]},&quot;_transform_rotateZ_effect_tablet&quot;:{&quot;unit&quot;:&quot;deg&quot;,&quot;size&quot;:&quot;&quot;,&quot;sizes&quot;:[]},&quot;_transform_rotateZ_effect_mobile&quot;:{&quot;unit&quot;:&quot;deg&quot;,&quot;size&quot;:&quot;&quot;,&quot;sizes&quot;:[]}}\" data-widget_type=\"divider.default\">\n\t\t\t\t<div class=\"elementor-widget-container\">\n\t\t\t\t\t\t\t<div class=\"elementor-divider\">\n\t\t\t<span class=\"elementor-divider-separator\">\n\t\t\t\t\t\t<\/span>\n\t\t<\/div>\n\t\t\t\t\t\t<\/div>\n\t\t\t\t<\/div>\n\t\t\t\t<\/div>\n\t\t\t\t<\/div>\n\t\t\t\t\t<\/div>\n\t\t\t\t<\/div>\n\t\t<div data-particle_enable=\"false\" data-particle-mobile-disabled=\"false\" class=\"elementor-element elementor-element-530ef32 e-flex e-con-boxed e-con e-parent\" data-id=\"530ef32\" data-element_type=\"container\" data-e-type=\"container\">\n\t\t\t\t\t<div class=\"e-con-inner\">\n\t\t\t\t<div class=\"elementor-element elementor-element-c70957c elementor-widget elementor-widget-text-editor\" data-id=\"c70957c\" data-element_type=\"widget\" data-e-type=\"widget\" data-widget_type=\"text-editor.default\">\n\t\t\t\t<div class=\"elementor-widget-container\">\n\t\t\t\t\t\t\t\t\t<h2 data-path-to-node=\"2\">Optimiza la Gesti\u00f3n de Gastos y Anticipos con &#8220;Rendiciones de Gastos&#8221;<\/h2><p data-path-to-node=\"3\">Simplifica el tedioso proceso de rendici\u00f3n de gastos y solicitudes de fondos en tu empresa. Nuestra soluci\u00f3n\u00a0est\u00e1 dise\u00f1ada para integrarse perfectamente con SAP Business One,\u00a0<span style=\"font-style: inherit; font-weight: inherit;\">d\u00e1ndote control total y transparencia financiera en una sola plataforma.<\/span><\/p><p data-path-to-node=\"3\"><span style=\"font-style: inherit; font-weight: inherit;\">\u00a0<\/span><\/p><h3 data-path-to-node=\"4\">Principales Funcionalidades para tu Negocio<\/h3><ul data-path-to-node=\"5\"><li><p data-path-to-node=\"5,0,0\"><b>Gesti\u00f3n de Rendiciones y Documentaci\u00f3n:<\/b><\/p><ul data-path-to-node=\"5,0,1\"><li><p data-path-to-node=\"5,0,1,0,1\"><span data-path-to-node=\"5,0,1,0,1,0\"><b><span class=\"citation-204\">Creaci\u00f3n R\u00e1pida de Rendiciones:<\/span><\/b><span class=\"citation-204\"> Agrupa la informaci\u00f3n de gastos a trav\u00e9s de documentos contables.<\/span><\/span><span style=\"font-style: inherit; font-weight: inherit;\">\u00a0<\/span><\/p><\/li><li><p data-path-to-node=\"5,0,1,1,1\"><span data-path-to-node=\"5,0,1,1,1,0\"><b><span class=\"citation-203\">Adjunta Archivos al Instante:<\/span><\/b><span class=\"citation-203\"> Sube y adjunta documentos de respaldo por cada asiento contable<\/span><\/span><span data-path-to-node=\"5,0,1,1,1,2\">.<\/span><\/p><\/li><li><p data-path-to-node=\"5,0,1,1,1\"><span style=\"font-style: inherit; font-weight: inherit;\">\u00a0<\/span><span style=\"font-style: inherit; font-weight: inherit;\" data-path-to-node=\"5,0,1,2,1,0\"><b><span class=\"citation-202\">Monitoreo Completo:<\/span><\/b><span class=\"citation-202\"> Accede a un monitor que agrupa todas las rendiciones creadas para su previsualizaci\u00f3n e impresi\u00f3n<\/span><\/span><span style=\"font-style: inherit; font-weight: inherit;\" data-path-to-node=\"5,0,1,2,1,2\">.<\/span><span style=\"font-style: inherit; font-weight: inherit;\">\u00a0<\/span><\/p><\/li><li><p data-path-to-node=\"5,0,1,3,1\"><span data-path-to-node=\"5,0,1,3,1,0\"><b><span class=\"citation-201\">Integraci\u00f3n Contable Autom\u00e1tica:<\/span><\/b><span class=\"citation-201\"> Env\u00eda las rendiciones directamente a <\/span><b><span class=\"citation-201\">SAP Business One<\/span><\/b><span class=\"citation-201\"> como un asiento contable<\/span><\/span><span data-path-to-node=\"5,0,1,3,1,2\">.<\/span><\/p><div class=\"source-inline-chip-container ng-star-inserted\">\u00a0<\/div><\/li><\/ul><\/li><li><p data-path-to-node=\"5,1,0\"><b>Control de Solicitudes de Fondos (Anticipos):<\/b><\/p><ul data-path-to-node=\"5,1,1\"><li><p data-path-to-node=\"5,1,1,0,1\"><span data-path-to-node=\"5,1,1,0,1,0\"><b><span class=\"citation-200\">Crea y Gestiona Solicitudes:<\/span><\/b><span class=\"citation-200\"> Maneja de forma eficiente las solicitudes de fondos o anticipos<\/span><\/span><span data-path-to-node=\"5,1,1,0,1,2\">.<\/span><\/p><\/li><li><p data-path-to-node=\"5,1,1,0,1\"><span style=\"font-style: inherit; font-weight: inherit;\" data-path-to-node=\"5,1,1,1,1,0\"><b><span class=\"citation-199\">M\u00faltiples Opciones de Pago:<\/span><\/b><span class=\"citation-199\"> Permite elegir entre pagos por <\/span><b><span class=\"citation-199\">Transferencia Bancaria<\/span><\/b><span class=\"citation-199\"> o <\/span><b><span class=\"citation-199\">Efectivo<\/span><\/b><\/span><span style=\"font-style: inherit; font-weight: inherit;\" data-path-to-node=\"5,1,1,1,1,2\">.<\/span><\/p><\/li><li><p data-path-to-node=\"5,1,1,2,1\"><span data-path-to-node=\"5,1,1,2,1,0\"><b><span class=\"citation-198\">Pago Autom\u00e1tico en SAP B1:<\/span><\/b><span class=\"citation-198\"> Env\u00eda las solicitudes aprobadas a SAP Business One como un pago efectuado<\/span><\/span><span data-path-to-node=\"5,1,1,2,1,2\">.<\/span><\/p><div class=\"source-inline-chip-container ng-star-inserted\">\u00a0<\/div><\/li><\/ul><\/li><li><p data-path-to-node=\"5,2,0\"><b>Procesos Seguros y Eficientes:<\/b><\/p><ul data-path-to-node=\"5,2,1\"><li><p data-path-to-node=\"5,2,1,0,1\"><span style=\"font-style: inherit; font-weight: inherit;\" data-path-to-node=\"5,2,1,0,1,0\"><b><span class=\"citation-197\">Doble Autorizaci\u00f3n:<\/span><\/b><span class=\"citation-197\"> Asegura la transparencia con un proceso de autorizaci\u00f3n de dos pasos<\/span><\/span><span style=\"font-style: inherit; font-weight: inherit;\" data-path-to-node=\"5,2,1,0,1,2\">.<\/span><\/p><\/li><li><div class=\"source-inline-chip-container ng-star-inserted\"><span style=\"font-style: inherit; font-weight: inherit;\" data-path-to-node=\"5,2,1,1,1,0\"><b><span class=\"citation-196\">Notificaciones por Email:<\/span><\/b><span class=\"citation-196\"> Mant\u00e9n a los usuarios informados sobre el estado de sus solicitudes y rendiciones<\/span><\/span><span style=\"font-style: inherit; font-weight: inherit;\" data-path-to-node=\"5,2,1,1,1,2\">.<\/span><\/div><\/li><li><div class=\"source-inline-chip-container ng-star-inserted\"><span style=\"font-style: inherit; font-weight: inherit;\" data-path-to-node=\"5,2,1,2,1,0\"><b><span class=\"citation-195\">Multibranch:<\/span><\/b><span class=\"citation-195\"> Soporte para operaciones en m\u00faltiples sucursales<\/span><\/span><span style=\"font-style: inherit; font-weight: inherit;\" data-path-to-node=\"5,2,1,2,1,2\">.<\/span><\/div><\/li><\/ul><\/li><\/ul>\t\t\t\t\t\t\t\t<\/div>\n\t\t\t\t<\/div>\n\t\t\t\t<div class=\"elementor-element elementor-element-25e0460 elementor-widget elementor-widget-text-editor\" data-id=\"25e0460\" data-element_type=\"widget\" data-e-type=\"widget\" data-widget_type=\"text-editor.default\">\n\t\t\t\t<div class=\"elementor-widget-container\">\n\t\t\t\t\t\t\t\t\t<p><span style=\"font-size: 18.7px; font-style: italic;\"><b>E<\/b>s tu herramienta esencial para pasar de la orden de gasto al asiento contable&nbsp;<\/span><span style=\"font-size: 18.7px; font-style: italic; font-weight: inherit;\">en SAP Business One de forma fluida y controlada.<\/span><\/p>\t\t\t\t\t\t\t\t<\/div>\n\t\t\t\t<\/div>\n\t\t\t\t<div class=\"elementor-element elementor-element-9d8ed09 e-transform elementor-widget-divider--view-line elementor-widget elementor-widget-divider\" data-id=\"9d8ed09\" data-element_type=\"widget\" data-e-type=\"widget\" data-settings=\"{&quot;_transform_rotateZ_effect&quot;:{&quot;unit&quot;:&quot;px&quot;,&quot;size&quot;:-90,&quot;sizes&quot;:[]},&quot;_transform_rotateZ_effect_tablet&quot;:{&quot;unit&quot;:&quot;deg&quot;,&quot;size&quot;:&quot;&quot;,&quot;sizes&quot;:[]},&quot;_transform_rotateZ_effect_mobile&quot;:{&quot;unit&quot;:&quot;deg&quot;,&quot;size&quot;:&quot;&quot;,&quot;sizes&quot;:[]}}\" data-widget_type=\"divider.default\">\n\t\t\t\t<div class=\"elementor-widget-container\">\n\t\t\t\t\t\t\t<div class=\"elementor-divider\">\n\t\t\t<span class=\"elementor-divider-separator\">\n\t\t\t\t\t\t<\/span>\n\t\t<\/div>\n\t\t\t\t\t\t<\/div>\n\t\t\t\t<\/div>\n\t\t\t\t<div class=\"elementor-element elementor-element-8dbea2a elementor-widget elementor-widget-text-editor\" data-id=\"8dbea2a\" data-element_type=\"widget\" data-e-type=\"widget\" data-widget_type=\"text-editor.default\">\n\t\t\t\t<div class=\"elementor-widget-container\">\n\t\t\t\t\t\t\t\t\t<h2>Preguntas frecuentes sobre <span style=\"color: #004dcc;\">ERP Rendici\u00f3n de Gastos<\/span><\/h2>\t\t\t\t\t\t\t\t<\/div>\n\t\t\t\t<\/div>\n\t\t\t\t\t<\/div>\n\t\t\t\t<\/div>\n\t\t<div data-particle_enable=\"false\" data-particle-mobile-disabled=\"false\" class=\"elementor-element elementor-element-17ad6382 e-flex e-con-boxed e-con e-parent\" data-id=\"17ad6382\" data-element_type=\"container\" data-e-type=\"container\">\n\t\t\t\t\t<div class=\"e-con-inner\">\n\t\t\t\t<div class=\"elementor-element elementor-element-60db794 elementor-widget elementor-widget-n-accordion\" data-id=\"60db794\" data-element_type=\"widget\" data-e-type=\"widget\" data-settings=\"{&quot;default_state&quot;:&quot;all_collapsed&quot;,&quot;max_items_expended&quot;:&quot;one&quot;,&quot;n_accordion_animation_duration&quot;:{&quot;unit&quot;:&quot;ms&quot;,&quot;size&quot;:400,&quot;sizes&quot;:[]}}\" data-widget_type=\"nested-accordion.default\">\n\t\t\t\t<div class=\"elementor-widget-container\">\n\t\t\t\t\t\t\t<div class=\"e-n-accordion\" aria-label=\"Accordion. Open links with Enter or Space, close with Escape, and navigate with Arrow Keys\">\n\t\t\t\t\t\t<details id=\"e-n-accordion-item-1010\" class=\"e-n-accordion-item\" >\n\t\t\t\t<summary class=\"e-n-accordion-item-title\" data-accordion-index=\"1\" tabindex=\"0\" aria-expanded=\"false\" aria-controls=\"e-n-accordion-item-1010\" >\n\t\t\t\t\t<span class='e-n-accordion-item-title-header'><div class=\"e-n-accordion-item-title-text\">  \u00bfQu\u00e9 es SAP Business One? <\/div><\/span>\n\t\t\t\t\t\t\t\t\t<\/summary>\n\t\t\t\t<div data-particle_enable=\"false\" data-particle-mobile-disabled=\"false\" role=\"region\" aria-labelledby=\"e-n-accordion-item-1010\" class=\"elementor-element elementor-element-6071cdb e-con-full e-flex e-con e-child\" data-id=\"6071cdb\" data-element_type=\"container\" data-e-type=\"container\">\n\t\t<div data-particle_enable=\"false\" data-particle-mobile-disabled=\"false\" role=\"region\" aria-labelledby=\"e-n-accordion-item-1010\" class=\"elementor-element elementor-element-722497ab e-flex e-con-boxed e-con e-child\" data-id=\"722497ab\" data-element_type=\"container\" data-e-type=\"container\">\n\t\t\t\t\t<div class=\"e-con-inner\">\n\t\t\t\t<div class=\"elementor-element elementor-element-6a2545ed elementor-widget elementor-widget-text-editor\" data-id=\"6a2545ed\" data-element_type=\"widget\" data-e-type=\"widget\" data-widget_type=\"text-editor.default\">\n\t\t\t\t<div class=\"elementor-widget-container\">\n\t\t\t\t\t\t\t\t\t<p>SAP Business One es un sistema de planificaci\u00f3n de recursos empresariales (ERP) dise\u00f1ado espec\u00edficamente para peque\u00f1as y medianas empresas. Integra todas las \u00e1reas de operaci\u00f3n, incluyendo finanzas, ventas, compras, inventario y gesti\u00f3n de relaciones con clientes, en una \u00fanica plataforma para optimizar la eficiencia y la toma de decisiones.<\/p><p><strong>\u00bfQu\u00e9 funcionalidades ofrece SAP Business One?<\/strong><\/p><p><u>SAP Business One incluye m\u00f3dulos para:<\/u><\/p><ul><li><u>Finanzas y contabilidad<\/u><\/li><li><u>Gesti\u00f3n de inventarios<\/u><\/li><li><u>Ventas y CRM<\/u><\/li><li><u>Compras<\/u><\/li><li><u>Producci\u00f3n<\/u><\/li><li><u>Informes y an\u00e1lisis<\/u><\/li><li><u>Movilidad<\/u><\/li><\/ul>\t\t\t\t\t\t\t\t<\/div>\n\t\t\t\t<\/div>\n\t\t\t\t\t<\/div>\n\t\t\t\t<\/div>\n\t\t\t\t<\/div>\n\t\t\t\t\t<\/details>\n\t\t\t\t\t\t<details id=\"e-n-accordion-item-1011\" class=\"e-n-accordion-item\" >\n\t\t\t\t<summary class=\"e-n-accordion-item-title\" data-accordion-index=\"2\" tabindex=\"-1\" aria-expanded=\"false\" aria-controls=\"e-n-accordion-item-1011\" >\n\t\t\t\t\t<span class='e-n-accordion-item-title-header'><div class=\"e-n-accordion-item-title-text\"> \u00bfEs posible personalizar SAP Business One seg\u00fan las necesidades de mi empresa? <\/div><\/span>\n\t\t\t\t\t\t\t\t\t<\/summary>\n\t\t\t\t<div data-particle_enable=\"false\" data-particle-mobile-disabled=\"false\" role=\"region\" aria-labelledby=\"e-n-accordion-item-1011\" class=\"elementor-element elementor-element-66b90e8e e-con-full e-flex e-con e-child\" data-id=\"66b90e8e\" data-element_type=\"container\" data-e-type=\"container\">\n\t\t<div data-particle_enable=\"false\" data-particle-mobile-disabled=\"false\" role=\"region\" aria-labelledby=\"e-n-accordion-item-1011\" class=\"elementor-element elementor-element-7ee20d96 e-flex e-con-boxed e-con e-child\" data-id=\"7ee20d96\" data-element_type=\"container\" data-e-type=\"container\">\n\t\t\t\t\t<div class=\"e-con-inner\">\n\t\t\t\t<div class=\"elementor-element elementor-element-47921c8 elementor-widget elementor-widget-text-editor\" data-id=\"47921c8\" data-element_type=\"widget\" data-e-type=\"widget\" data-widget_type=\"text-editor.default\">\n\t\t\t\t<div class=\"elementor-widget-container\">\n\t\t\t\t\t\t\t\t\t<p>S\u00ed, SAP Business One es altamente personalizable. Puedes ajustar m\u00f3dulos, crear informes espec\u00edficos y desarrollar <em>complementos<\/em> para satisfacer los requisitos \u00fanicos de tu negocio.<\/p>\t\t\t\t\t\t\t\t<\/div>\n\t\t\t\t<\/div>\n\t\t\t\t\t<\/div>\n\t\t\t\t<\/div>\n\t\t\t\t<\/div>\n\t\t\t\t\t<\/details>\n\t\t\t\t\t\t<details id=\"e-n-accordion-item-1012\" class=\"e-n-accordion-item\" >\n\t\t\t\t<summary class=\"e-n-accordion-item-title\" data-accordion-index=\"3\" tabindex=\"-1\" aria-expanded=\"false\" aria-controls=\"e-n-accordion-item-1012\" >\n\t\t\t\t\t<span class='e-n-accordion-item-title-header'><div class=\"e-n-accordion-item-title-text\"> \u00bfCu\u00e1nto tiempo tomar\u00e1 implementar SAP Business One? <\/div><\/span>\n\t\t\t\t\t\t\t\t\t<\/summary>\n\t\t\t\t<div data-particle_enable=\"false\" data-particle-mobile-disabled=\"false\" role=\"region\" aria-labelledby=\"e-n-accordion-item-1012\" class=\"elementor-element elementor-element-279362e9 e-con-full e-flex e-con e-child\" data-id=\"279362e9\" data-element_type=\"container\" data-e-type=\"container\">\n\t\t<div data-particle_enable=\"false\" data-particle-mobile-disabled=\"false\" role=\"region\" aria-labelledby=\"e-n-accordion-item-1012\" class=\"elementor-element elementor-element-79b70234 e-flex e-con-boxed e-con e-child\" data-id=\"79b70234\" data-element_type=\"container\" data-e-type=\"container\">\n\t\t\t\t\t<div class=\"e-con-inner\">\n\t\t\t\t<div class=\"elementor-element elementor-element-9d18f53 elementor-widget elementor-widget-text-editor\" data-id=\"9d18f53\" data-element_type=\"widget\" data-e-type=\"widget\" data-widget_type=\"text-editor.default\">\n\t\t\t\t<div class=\"elementor-widget-container\">\n\t\t\t\t\t\t\t\t\t<p>El tiempo de implementaci\u00f3n var\u00eda seg\u00fan la industria del proyecto y el tama\u00f1o de la empresa, pero generalmente puede tomar entre 6 a 9 meses.<\/p>\t\t\t\t\t\t\t\t<\/div>\n\t\t\t\t<\/div>\n\t\t\t\t\t<\/div>\n\t\t\t\t<\/div>\n\t\t\t\t<\/div>\n\t\t\t\t\t<\/details>\n\t\t\t\t\t<\/div>\n\t\t\t\t\t\t<\/div>\n\t\t\t\t<\/div>\n\t\t\t\t\t<\/div>\n\t\t\t\t<\/div>\n\t\t<div data-particle_enable=\"false\" data-particle-mobile-disabled=\"false\" class=\"elementor-element elementor-element-a91b962 e-flex e-con-boxed e-con e-parent\" data-id=\"a91b962\" data-element_type=\"container\" data-e-type=\"container\">\n\t\t\t\t\t<div class=\"e-con-inner\">\n\t\t\t\t<div class=\"elementor-element elementor-element-43ff4c1 elementor-widget elementor-widget-spacer\" data-id=\"43ff4c1\" data-element_type=\"widget\" data-e-type=\"widget\" data-widget_type=\"spacer.default\">\n\t\t\t\t<div class=\"elementor-widget-container\">\n\t\t\t\t\t\t\t<div class=\"elementor-spacer\">\n\t\t\t<div class=\"elementor-spacer-inner\"><\/div>\n\t\t<\/div>\n\t\t\t\t\t\t<\/div>\n\t\t\t\t<\/div>\n\t\t\t\t\t<\/div>\n\t\t\t\t<\/div>\n\t\t\t\t<\/div>\n\t\t","protected":false},"excerpt":{"rendered":"<p>Software ERP Rendici\u00f3n de gastos Optimiza la Gesti\u00f3n de Gastos y Anticipos con &#8220;Rendiciones de Gastos&#8221; Simplifica el tedioso proceso de rendici\u00f3n de gastos y solicitudes de fondos en tu empresa. Nuestra soluci\u00f3n\u00a0est\u00e1 dise\u00f1ada para integrarse perfectamente con SAP Business One,\u00a0d\u00e1ndote control total y transparencia financiera en una sola plataforma. \u00a0 Principales Funcionalidades para tu [&hellip;]<\/p>\n","protected":false},"author":1,"featured_media":0,"parent":2024,"menu_order":0,"comment_status":"closed","ping_status":"closed","template":"","meta":{"site-sidebar-layout":"no-sidebar","site-content-layout":"page-builder","ast-site-content-layout":"full-width-container","site-content-style":"default","site-sidebar-style":"default","ast-global-header-display":"","ast-banner-title-visibility":"","ast-main-header-display":"","ast-hfb-above-header-display":"","ast-hfb-below-header-display":"","ast-hfb-mobile-header-display":"","site-post-title":"disabled","ast-breadcrumbs-content":"","ast-featured-img":"disabled","footer-sml-layout":"","ast-disable-related-posts":"","theme-transparent-header-meta":"default","adv-header-id-meta":"","stick-header-meta":"","header-above-stick-meta":"","header-main-stick-meta":"","header-below-stick-meta":"","astra-migrate-meta-layouts":"set","ast-page-background-enabled":"default","ast-page-background-meta":{"desktop":{"background-color":"var(--ast-global-color-5)","background-image":"","background-repeat":"repeat","background-position":"center center","background-size":"auto","background-attachment":"scroll","background-type":"","background-media":"","overlay-type":"","overlay-color":"","overlay-opacity":"","overlay-gradient":""},"tablet":{"background-color":"","background-image":"","background-repeat":"repeat","background-position":"center center","background-size":"auto","background-attachment":"scroll","background-type":"","background-media":"","overlay-type":"","overlay-color":"","overlay-opacity":"","overlay-gradient":""},"mobile":{"background-color":"","background-image":"","background-repeat":"repeat","background-position":"center center","background-size":"auto","background-attachment":"scroll","background-type":"","background-media":"","overlay-type":"","overlay-color":"","overlay-opacity":"","overlay-gradient":""}},"ast-content-background-meta":{"desktop":{"background-color":"var(--ast-global-color-4)","background-image":"","background-repeat":"repeat","background-position":"center center","background-size":"auto","background-attachment":"scroll","background-type":"","background-media":"","overlay-type":"","overlay-color":"","overlay-opacity":"","overlay-gradient":""},"tablet":{"background-color":"var(--ast-global-color-4)","background-image":"","background-repeat":"repeat","background-position":"center center","background-size":"auto","background-attachment":"scroll","background-type":"","background-media":"","overlay-type":"","overlay-color":"","overlay-opacity":"","overlay-gradient":""},"mobile":{"background-color":"var(--ast-global-color-4)","background-image":"","background-repeat":"repeat","background-position":"center center","background-size":"auto","background-attachment":"scroll","background-type":"","background-media":"","overlay-type":"","overlay-color":"","overlay-opacity":"","overlay-gradient":""}},"footnotes":""},"class_list":["post-3575","page","type-page","status-publish","hentry"],"_links":{"self":[{"href":"https:\/\/aws-server.site\/exxis\/wp-json\/wp\/v2\/pages\/3575","targetHints":{"allow":["GET"]}}],"collection":[{"href":"https:\/\/aws-server.site\/exxis\/wp-json\/wp\/v2\/pages"}],"about":[{"href":"https:\/\/aws-server.site\/exxis\/wp-json\/wp\/v2\/types\/page"}],"author":[{"embeddable":true,"href":"https:\/\/aws-server.site\/exxis\/wp-json\/wp\/v2\/users\/1"}],"replies":[{"embeddable":true,"href":"https:\/\/aws-server.site\/exxis\/wp-json\/wp\/v2\/comments?post=3575"}],"version-history":[{"count":33,"href":"https:\/\/aws-server.site\/exxis\/wp-json\/wp\/v2\/pages\/3575\/revisions"}],"predecessor-version":[{"id":5992,"href":"https:\/\/aws-server.site\/exxis\/wp-json\/wp\/v2\/pages\/3575\/revisions\/5992"}],"up":[{"embeddable":true,"href":"https:\/\/aws-server.site\/exxis\/wp-json\/wp\/v2\/pages\/2024"}],"wp:attachment":[{"href":"https:\/\/aws-server.site\/exxis\/wp-json\/wp\/v2\/media?parent=3575"}],"curies":[{"name":"wp","href":"https:\/\/api.w.org\/{rel}","templated":true}]}}